{"id":27204,"date":"2025-05-10T10:57:58","date_gmt":"2025-05-10T10:57:58","guid":{"rendered":"https:\/\/afyonarabakiralama.com.tr\/?page_id=27204"},"modified":"2025-05-10T10:59:52","modified_gmt":"2025-05-10T10:59:52","slug":"hakkimizda","status":"publish","type":"page","link":"https:\/\/afyonarabakiralama.com.tr\/index.php\/hakkimizda\/","title":{"rendered":"Hakk\u0131m\u0131zda"},"content":{"rendered":"\t\t<div data-elementor-type=\"wp-page\" data-elementor-id=\"27204\" class=\"elementor elementor-27204\">\n\t\t\t\t\t\t<section class=\"wd-negative-gap elementor-section elementor-top-section elementor-element elementor-element-2165a358 elementor-section-content-middle elementor-section-boxed elementor-section-height-default elementor-section-height-default\" data-id=\"2165a358\" data-element_type=\"section\">\n\t\t\t\t\t\t<div class=\"elementor-container elementor-column-gap-wide\">\n\t\t\t\t\t<div class=\"elementor-column elementor-col-50 elementor-top-column elementor-element elementor-element-2c8231d6\" data-id=\"2c8231d6\" data-element_type=\"column\">\n\t\t\t<div class=\"elementor-widget-wrap elementor-element-populated\">\n\t\t\t\t\t\t<div class=\"elementor-element elementor-element-7d286cf1 elementor-widget elementor-widget-image\" data-id=\"7d286cf1\" data-element_type=\"widget\" data-widget_type=\"image.default\">\n\t\t\t\t<div class=\"elementor-widget-container\">\n\t\t\t\t\t\t\t\t\t\t\t\t\t\t\t<img decoding=\"async\" src=\"https:\/\/afyonarabakiralama.com.tr\/wp-content\/uploads\/elementor\/thumbs\/Adsiz-tasarim-55-r5ln15hx2vs9xxfyufrxun56hl62w1vjq9a731e5go.png\" title=\"Ads\u0131z tasar\u0131m (55)\" alt=\"Ads\u0131z tasar\u0131m (55)\" loading=\"lazy\" \/>\t\t\t\t\t\t\t\t\t\t\t\t\t\t\t<\/div>\n\t\t\t\t<\/div>\n\t\t\t\t\t<\/div>\n\t\t<\/div>\n\t\t\t\t<div class=\"elementor-column elementor-col-50 elementor-top-column elementor-element elementor-element-258db28d\" data-id=\"258db28d\" data-element_type=\"column\">\n\t\t\t<div class=\"elementor-widget-wrap elementor-element-populated\">\n\t\t\t\t\t\t<div class=\"elementor-element elementor-element-2dbbac3 wd-width-100 elementor-widget elementor-widget-wd_title\" data-id=\"2dbbac3\" data-element_type=\"widget\" data-widget_type=\"wd_title.default\">\n\t\t\t\t<div class=\"elementor-widget-container\">\n\t\t\t\t\t\t\t<div class=\"title-wrapper set-mb-s reset-last-child wd-title-color-default wd-title-style-default wd-title-size-default text-left\">\n\n\t\t\t\n\t\t\t<div class=\"liner-continer\">\n\t\t\t\t<h4 class=\"woodmart-title-container title wd-fontsize-l\">HAKKIMIZDA<\/h4> \n\t\t\t\t\t\t\t<\/div>\n\n\t\t\t\t\t\t\t<div class=\"title-after_title set-cont-mb-s reset-last-child wd-fontsize-xs\">\n\t\t\t\t\t<p><strong>M\u0130SYONUMUZ<\/strong><br \/>\u00a0\u00a0\u00a0 \u00a0 G\u00fcnl\u00fck ara\u00e7 kiralama sekt\u00f6r\u00fcndeki yeniliklerde lider olmak, bireysel ve kurumsal anlamda s\u00fcrekli geli\u015fmek, teknolojinin t\u00fcm imkanlar\u0131n\u0131 \u00e7al\u0131\u015fanlar\u0131na ve m\u00fc\u015fterilerine sunmak.<\/p><p><strong>V\u0130ZYONUMUZ<\/strong><\/p><p>\u00a0\u00a0\u00a0\u00a0\u00a0 Yerli marka olarak yurt d\u0131\u015f\u0131na da ad\u0131m atm\u0131\u015f, sekt\u00f6r lideri ve itibarl\u0131 tan\u0131nm\u0131\u015f bir firma olmak.<\/p><p><strong>DE\u011eERLER\u0130M\u0130Z<\/strong><\/p><p>\u00a0\u00a0\u00a0\u00a0\u00a0\u00a0 M\u00fc\u015fteri ve \u00e7al\u0131\u015fanlar\u0131na de\u011fer veren, d\u00fcr\u00fcst, \u015feffaf, etik, samimi, kurumsal hizmet anlay\u0131\u015f\u0131.<\/p>\t\t\t\t<\/div>\n\t\t\t\t\t<\/div>\n\t\t\t\t\t\t<\/div>\n\t\t\t\t<\/div>\n\t\t\t\t\t<\/div>\n\t\t<\/div>\n\t\t\t\t\t<\/div>\n\t\t<\/section>\n\t\t\t\t<\/div>\n\t\t","protected":false},"excerpt":{"rendered":"<p>HAKKIMIZDA M\u0130SYONUMUZ\u00a0\u00a0\u00a0 \u00a0 G\u00fcnl\u00fck ara\u00e7 kiralama sekt\u00f6r\u00fcndeki yeniliklerde lider olmak, bireysel ve kurumsal anlamda s\u00fcrekli geli\u015fmek, teknolojinin t\u00fcm imkanlar\u0131n\u0131 \u00e7al\u0131\u015fanlar\u0131na<\/p>\n","protected":false},"author":1,"featured_media":0,"parent":0,"menu_order":0,"comment_status":"closed","ping_status":"closed","template":"","meta":{"footnotes":""},"class_list":["post-27204","page","type-page","status-publish","hentry"],"_links":{"self":[{"href":"https:\/\/afyonarabakiralama.com.tr\/index.php\/wp-json\/wp\/v2\/pages\/27204","targetHints":{"allow":["GET"]}}],"collection":[{"href":"https:\/\/afyonarabakiralama.com.tr\/index.php\/wp-json\/wp\/v2\/pages"}],"about":[{"href":"https:\/\/afyonarabakiralama.com.tr\/index.php\/wp-json\/wp\/v2\/types\/page"}],"author":[{"embeddable":true,"href":"https:\/\/afyonarabakiralama.com.tr\/index.php\/wp-json\/wp\/v2\/users\/1"}],"replies":[{"embeddable":true,"href":"https:\/\/afyonarabakiralama.com.tr\/index.php\/wp-json\/wp\/v2\/comments?post=27204"}],"version-history":[{"count":4,"href":"https:\/\/afyonarabakiralama.com.tr\/index.php\/wp-json\/wp\/v2\/pages\/27204\/revisions"}],"predecessor-version":[{"id":27210,"href":"https:\/\/afyonarabakiralama.com.tr\/index.php\/wp-json\/wp\/v2\/pages\/27204\/revisions\/27210"}],"wp:attachment":[{"href":"https:\/\/afyonarabakiralama.com.tr\/index.php\/wp-json\/wp\/v2\/media?parent=27204"}],"curies":[{"name":"wp","href":"https:\/\/api.w.org\/{rel}","templated":true}]}}